 + 34. Calculate f(-1).
-229
Let n(t) = -161*t + 7713. Determine n(48).
-15
Let c(t) = -56*t - 3090. What is c(-68)?
718
Let a(c) = -3*c**2 - 4214*c + 76118. What is a(18)?
-706
Let c(i) = -i**2 + 552*i + 741. Determine c(553).
188
Let j(p) = -307805*p + 9849783. Give j(32).
23
Let d(w) = -38*w**3 - 54203*w**2 + 54206*w - 2. What is d(1)?
-37
Let o(v) = -2*v**2 + 834*v - 31533. Give o(375).
-33
Let t(h) = 10914*h - 982278. What is t(90)?
-18
Let z(n) = 303166*n + 909501. What is z(-3)?
3
Let x(w) = 3384*w + 6377. Give x(-2).
-391
Let s(q) = 12*q**3 - 30*q**2 - 26*q + 10. Determine s(-2).
-154
Let l(z) = 3*z**3 + 198*z**2 + 642*z + 4753. Give l(-63).
28
Let s(n) = -n**3 + 25*n**2 + 59*n - 1162. Determine s(9).
665
Let o(i) = -66*i**2 - 415*i - 83. Determine o(-6).
31
Let b(z) = -z**2 + 193*z - 3587. Calculate b(21).
25
Let j(a) = 2436*a + 299656. Determine j(-123).
28
Let j(x) = -x**3 - 166*x**2 + 63*x + 37610. Calculate j(-165).
-10
Let f(k) = -240*k + 46320. Determine f(195).
-480
Let m(t) = 4*t**2 - 1655*t + 90739. Give m(65).
64
Let t(h) = -2*h + 139. What is t(69)?
1
Let h(v) = 343*v - 3337. Give h(11).
436
Let n(f) = -324*f - 20400. Give n(-63).
12
Let l(q) = -220*q + 42214. Calculate l(191).
194
Let m(z) = 1133*z + 138172. Calculate m(-122).
-54
Let k(m) = -3*m**2 + 686*m - 18404. Give k(31).
-21
Let x(u) = -u**2 + 425*u - 43793. Determine x(176).
31
Let s(v) = -75*v - 5289. Determine s(-89).
1386
Let t(k) = -72*k + 76. Determine t(9).
-572
Let a(r) = r**2 + 525*r - 5323. Determine a(10).
27
Let m(k) = -k**2 - 471*k - 8942. Give m(-20).
78
Let x(m) = m**2 + 24379*m + 1022150. Determine x(-42).
-4
Let c(l) = -l**3 - 33*l**2 - 258*l + 39. Calculate c(-14).
-73
Let r(w) = -311542*w + 4984683. What is r(16)?
11
Let c(z) = -212*z - 14348. Give c(-67).
-144
Let o(g) = -5515*g - 48795. Calculate o(-9).
840
Let x(q) = -q**3 - 17*q**2 + 203*q + 848. Determine x(9).
569
Let c(t) = -1137*t - 78553. Determine c(-69).
-100
Let b(o) = o**2 - 162767*o - 813838. Determine b(-5).
22
Let d(m) = 5*m**2 - 71*m + 448. Determine d(13).
370
Let v(f) = -4*f**3 + 283*f**2 + 2959*f + 77. Calculate v(80).
-3
Let z(d) = 69698*d + 1184776. Calculate z(-17).
-90
Let q(c) = c**3 + 75*c**2 - 763*c - 545. Give q(-84).
43
Let t(f) = f**2 + 32*f - 2918. Determine t(-73).
75
Let w(p) = 136*p - 39362. Determine w(288).
-194
Let u(a) = -2*a**3 + 226*a**2 - 3050*a + 101970. What is u(103)?
0
Let h(t) = 4*t**3 - 199*t**2 - 32*t + 761. Give h(50).
1661
Let m(v) = -30469*v - 11882912. Give m(-390).
-2
Let l(v) = -v**3 - 37*v**2 - 27*v + 41. Calculate l(-36).
-283
Let g(z) = -3*z**2 + 3056*z + 18435. Calculate g(-6).
-9
Let v(l) = 11*l**3 + 15*l**2 + 37*l - 4. Calculate v(-4).
-616
Let a(u) = 45331*u + 5666390. Determine a(-125).
15
Let b(y) = -4*y**3 + 44*y**2 - 212*y + 1258. Determine b(9).
-2
Let x(p) = -2*p**2 - 184*p - 2569. Determine x(-86).
-1537
Let b(x) = 77724*x - 77733. What is b(1)?
-9
Let n(a) = 1841*a**2 - 13009*a + 887. Calculate n(7).
33
Let x(y) = y**3 + 15*y**2 + 2030*y + 17785. Give x(-9).
1
Let l(j) = -4*j**2 - 163*j - 110. Calculate l(-37).
445
Let n(i) = -2*i**3 - 28*i**2 + 50063*i + 700953. Determine n(-14).
71
Let b(a) = 11875*a + 62669. What is b(-5)?
3294
Let a(m) = -45*m**2 + 5680*m - 481. Give a(126).
779
Let k(h) = -45493*h + 17059882. Calculate k(375).
7
Let y(l) = 45517*l - 819311. Calculate y(18).
-5
Let s(v) = 3*v**3 - 365*v**2 - 1247*v - 123. Determine s(125).
252
Let j(h) = h**2 + 1249*h - 22791. Calculate j(18).
15
Let i(l) = -4*l**2 - 1882*l - 36889. Give i(-450).
11
Let u(q) = 40*q**3 + 14*q**2 + 2793*q - 2806. What is u(1)?
41
Let q(i) = i**3 - 229*i**2 - 390*i - 16854. Determine q(231).
-222
Let h(b) = -b**3 - 186*b**2 - 3777*b - 4468. Determine h(-163).
96
Let c(k) = 42401*k - 1102432. What is c(26)?
-6
Let m(r) = 28059*r - 308598. Determine m(11).
51
Let c(d) = -d**3 - 6*d**2 + 22*d - 100. Determine c(-12).
500
Let m(r) = -2118*r - 31214. Determine m(-18).
6910
Let s(u) = -275*u + 17617. Give s(64).
17
Let o(b) = -b**3 + 5*b**2 + 169*b - 1128. What is o(8)?
32
Let b(u) = 4*u**3 + 93*u**2 + 294*u - 38. What is b(-20)?
-718
Let i(h) = 15197*h + 60663. Determine i(-4).
-125
Let v(l) = l**3 + 352*l**2 + 30872*l + 6567. What is v(-164)?
7
Let i(q) = -6*q**3 + 2972*q**2 + 4964*q + 2984. What is i(497)?
2
Let x(u) = -u**3 + 66*u**2 - 388*u - 1429. Calculate x(59).
46
Let x(l) = -64042*l - 192128. Calculate x(-3).
-2
Let m(r) = 56385*r + 112773. Give m(-2).
3
Let f(g) = -56081*g - 2187164. Determine f(-39).
-5
Let n(c) = 7*c**3 + 2551*c**2 + 1095*c + 1096. What is n(-364)?
4
Let l(b) = 1036*b**3 - 19*b**2 + 2*b - 1. What is l(1)?
1018
Let u(j) = -40208*j - 884580. Determine u(-22).
-4
Let d(o) = 2*o**3 - 138674*o**2 - 2219294*o + 28. Calculate d(-16).
-4
Let z(y) = -82*y**2 + 445*y + 4. Give z(-3).
-2069
Let z(u) = 75*u**2 - 429*u + 617. Give z(3).
5
Let m(x) = 10320*x - 30840. Give m(3).
120
Let s(p) = -p**3 + 152*p**2 + 774*p + 306. Give s(157).
-1421
Let b(l) = l**3 + 45*l**2 - 6260*l - 10. Determine b(60).
2390
Let r(g) = 26*g**2 - 394*g + 398. Determine r(1).
30
Let n(j) = 832*j - 21617. Give n(26).
15
Let w(q) = 2*q**2 + 749*q - 22558. Calculate w(28).
-18
Let z(u) = -754*u**2 - 1523*u - 123. What is z(-2)?
-93
Let h(r) = -2*r**2 + 164*r - 3517. Give h(25).
-667
Let c(q) = q**3 + 125*q**2 + 3640*q + 277. Give c(-79).
-197
Let b(m) = -2643*m + 55461. Give b(21).
-42
Let j(x) = -5*x**2 + 243*x - 2636. What is j(10)?
-706
Let y(j) = -328*j + 6887. Calculate y(15).
1967
Let y(s) = 128*s**2 - 753*s - 30. What is y(6)?
60
Let n(l) = -l**3 - 11*l**2 + 2132*l + 28. Determine n(41).
28
Let t(p) = -468*p - 33632. Give t(-72).
64
Let o(m) = 3*m**2 + 333*m - 10469. Determine o(26).
217
Let z(w) = -2349*w - 65736. Give z(-28).
36
Let j(p) = 1156*p + 5573. Determine j(-3).
2105
Let c(n) = 459*n - 14962. Calculate c(32).
-274
Let o(q) = 2323*q**2 + 6967*q + 2. What is o(-3)?
8
Let a(c) = 20*c**2 - 4333*c - 1046. Calculate a(217).
473
Let p(l) = l**3 + 99*l**2 + 542*l - 16492. Give p(-18).
-4
Let s(d) = 3*d + 2. What is s(29)?
89
Let z(n) = -20761*n - 62054. What is z(-3)?
229
Let o(s) = s**3 - 238*s**2 + 3938*s + 418. Determine o(18).
22
Let o(p) = -29*p**2 - 1801*p - 8632. Calculate o(-5).
-352
Let z(u) = -38439*u - 422804. What is z(-11)?
25
Let n(k) = 9756*k - 10029163. Give n(1028).
5
Let c(o) = 732*o**2 + 2*o + 40. Determine c(0).
40
Let v(o) = -5*o**2 - 346*o + 7545. What is v(-87)?
-198
Let t(j) = 263669*j - 37704671. Calculate t(143).
-4
Let b(t) = -988*t + 19338. Give b(22).
-2398
Let y(z) = -2*z**2 + 98*z - 47. Determine y(0).
-47
Let l(x) = -x**3 - 10*x**2 - 3980*x - 43928. Determine l(-11).
-27
Let a(d) = -12490*d - 124912. Give a(-10).
-12
Let w(o) = 5*o**2 - 153*o + 2294. Determine w(20).
1234
Let y(h) = 2*h**2 - 36*h + 206. What is y(7)?
52
Let c(t) = -9*t**2 - 17819*t + 73410. Calculate c(-1984).
2
Let r(y) = 122169*y - 16492795. Calculate r(135).
20
Let t(d) = -d**3 + 34*d**2 - 22*d + 3538. Calculate t(36).
154
Let z(s) = -2851*s + 946426. Determine z(332).
-106
Let u(z) = 46*z**2 + 1412*z - 58. What is u(-31)?
376
Let c(n) = 12*n**2 - 12*n - 860. Calculate c(-10).
460
Let j(f) = -f**3 - 31*f**2 + 88*f - 696. Determine j(-34).
-220
Let n(g) = -g**3 + 21*g**2 - 26*g + 2229. Determine n(24).
-123
Let h(a) = 6679*a**2 + 60118*a + 74. Calculate h(-9).
11
Let y(c) = -2735*c + 418456. Determine y(153).
1
Let s(r) = 1057*r**3 + 5278*r**2 + 24*r + 232. What is s(-5)?
-63
Let h(u) = 9626*u + 241122. Give h(-25).
472
Let d(l) = l**3 + 283*l**2 + 19923*l - 4073. What is d(-150)?
-23
Let o(t) = 1975*t + 8029. Calculate o(-4).
129
Let b(i) = 955*i - 64468. What is b(67)?
-483
Let q(s) = -s**3 + 12*s**2 + 32*s - 322. What is q(6)?
86
Let u(y) = -y**2 + 1362*y + 9590. Determine u(-7).
7
Let k(r) = 9*r**2 + 1105*r - 17261. Determine k(14).
-27
Let x(d) = 2*d**2 - 15872*d + 95230. Give x(6).
70
Let z(q) = -9*q**2 - 983*q - 2192. What is z(-107)?
-52
Let o(h) = -19*h**2 - 1182*h + 2192. What is o(-64)?
16
Let c(r) = -r**3 - 30*r**2 - 43*r + 208. What is c(-29)?
614
Let g(z) = 6170*z + 1838659. Give g(-298).
-1
Let f(k) = 3*k**3 - 206*k**2 + 3393*k - 496. What is f(27)?
-10
Let c(k) = 4134*k**3 - 3*k**2 - 758*k - 757. What is c(-1)?
-4136
Let p(d) = d*